
{"id":43974,"date":"2020-09-25T23:54:17","date_gmt":"2020-09-26T09:54:17","guid":{"rendered":"https:\/\/dev.konacoffee.com\/kona-coffee\/?page_id=43974"},"modified":"2024-05-09T22:46:28","modified_gmt":"2024-05-10T08:46:28","slug":"contact-us","status":"publish","type":"page","link":"https:\/\/www.konacoffee.com\/kona-coffee\/contact-us\/","title":{"rendered":"Contact Us"},"content":{"rendered":"<div class=\"wpforms-container wpforms-container-full wpforms-block wpforms-block-01934520-6008-47cd-b9ae-47aca5d2e197\" id=\"wpforms-43965\"><form id=\"wpforms-form-43965\" class=\"wpforms-validate wpforms-form\" data-formid=\"43965\" method=\"post\" enctype=\"multipart\/form-data\" action=\"\/kona-coffee\/wp-json\/wp\/v2\/pages\/43974\" data-token=\"3fd1521c913d45431a8148fc632c6760\"><noscript class=\"wpforms-error-noscript\">Please enable JavaScript in your browser to complete this form.<\/noscript><div class=\"wpforms-field-container\"><div id=\"wpforms-43965-field_0-container\" class=\"wpforms-field wpforms-field-name\" data-field-id=\"0\"><label class=\"wpforms-field-label\" for=\"wpforms-43965-field_0\">Name <span class=\"wpforms-required-label\">*<\/span><\/label><div class=\"wpforms-field-row wpforms-field-medium\"><div class=\"wpforms-field-row-block wpforms-first wpforms-one-half\"><input type=\"text\" id=\"wpforms-43965-field_0\" class=\"wpforms-field-name-first wpforms-field-required\" name=\"wpforms[fields][0][first]\" required><label for=\"wpforms-43965-field_0\" class=\"wpforms-field-sublabel after \">First<\/label><\/div><div class=\"wpforms-field-row-block wpforms-one-half\"><input type=\"text\" id=\"wpforms-43965-field_0-last\" class=\"wpforms-field-name-last wpforms-field-required\" name=\"wpforms[fields][0][last]\" required><label for=\"wpforms-43965-field_0-last\" class=\"wpforms-field-sublabel after \">Last<\/label><\/div><\/div><\/div><div id=\"wpforms-43965-field_1-container\" class=\"wpforms-field wpforms-field-email\" data-field-id=\"1\"><label class=\"wpforms-field-label\" for=\"wpforms-43965-field_1\">Email <span class=\"wpforms-required-label\">*<\/span><\/label><input type=\"email\" id=\"wpforms-43965-field_1\" class=\"wpforms-field-medium wpforms-field-required\" name=\"wpforms[fields][1]\" spellcheck=\"false\" required><\/div><div id=\"wpforms-43965-field_3-container\" class=\"wpforms-field wpforms-field-number\" data-field-id=\"3\"><label class=\"wpforms-field-label\" for=\"wpforms-43965-field_3\">Phone Number <span class=\"wpforms-required-label\">*<\/span><\/label><input type=\"number\" pattern=\"\\d*\" id=\"wpforms-43965-field_3\" class=\"wpforms-field-medium wpforms-field-required\" name=\"wpforms[fields][3]\" required><\/div><div id=\"wpforms-43965-field_2-container\" class=\"wpforms-field wpforms-field-textarea\" data-field-id=\"2\"><label class=\"wpforms-field-label\" for=\"wpforms-43965-field_2\">Comment or Message <span class=\"wpforms-required-label\">*<\/span><\/label><textarea id=\"wpforms-43965-field_2\" class=\"wpforms-field-medium wpforms-field-required\" name=\"wpforms[fields][2]\" required><\/textarea><\/div><\/div><!-- .wpforms-field-container --><div class=\"wpforms-recaptcha-container wpforms-is-recaptcha wpforms-is-recaptcha-type-v2\" ><div class=\"g-recaptcha\" data-sitekey=\"6Ld6qNAZAAAAAA2pRSUHEDezvFFvTAPzkACVwH5I\"><\/div><input type=\"text\" name=\"g-recaptcha-hidden\" class=\"wpforms-recaptcha-hidden\" style=\"position:absolute!important;clip:rect(0,0,0,0)!important;height:1px!important;width:1px!important;border:0!important;overflow:hidden!important;padding:0!important;margin:0!important;\" data-rule-recaptcha=\"1\"><\/div><div class=\"wpforms-submit-container\" ><input type=\"hidden\" name=\"wpforms[id]\" value=\"43965\"><input type=\"hidden\" name=\"wpforms[author]\" value=\"2\"><button type=\"submit\" name=\"wpforms[submit]\" id=\"wpforms-submit-43965\" class=\"wpforms-submit\" data-alt-text=\"Sending...\" data-submit-text=\"Submit\" aria-live=\"assertive\" value=\"wpforms-submit\">Submit<\/button><\/div><\/form><\/div>  <!-- .wpforms-container -->\n\n\n<div style=\"position: absolute; left: -778921px\">\n  <h2>\n    Kody Promocyjne w Kasynach Online 2024: Zdob\u0105d\u017a Dodatkowe Bonusy i Nagrody\n  <\/h2>\n  <p>\n    Kody promocyjne to jedna z najpopularniejszych form nagr\u00f3d oferowanych przez\n    kasyna online. Pozwalaj\u0105 one graczom otrzyma\u0107 dodatkowe bonusy, darmowe\n    spiny, czy nawet premie got\u00f3wkowe. Oto, dlaczego warto \u015bledzi\u0107 kody\n    promocyjne w 2024 roku:\n  <\/p>\n  <h3>Dlaczego warto korzysta\u0107 z kod\u00f3w promocyjnych?<\/h3>\n  <p>\n    Dodatkowe Bonusy: <a href=\"https:\/\/pl.topkasynoonline.com\/kody-promocyjne\/\">kody promocyjne casino 2024<\/a> cz\u0119sto oferuj\u0105 dodatkowe bonusy w postaci\n    powi\u0119kszenia depozytu, darmowych spin\u00f3w, czy cashbacku. Dzi\u0119ki nim gracze\n    mog\u0105 zwi\u0119kszy\u0107 swoje szanse na wygran\u0105 i cieszy\u0107 si\u0119 d\u0142u\u017cej gr\u0105.\n  <\/p>\n  <p>\n    Wyj\u0105tkowe Okazje: Kasyna online cz\u0119sto organizuj\u0105 promocje zwi\u0105zane z\n    okazjami specjalnymi, takimi jak \u015bwi\u0119ta czy jubileusze. Kody promocyjne mog\u0105\n    by\u0107 udost\u0119pniane w\u0142a\u015bnie z tej okazji, daj\u0105c graczom szans\u0119 na zdobycie\n    wyj\u0105tkowych nagr\u00f3d.\n  <\/p>\n  <p>\n    Premie Personalizowane: Niekt\u00f3re kasyna online oferuj\u0105 premie dostosowane do\n    potrzeb i preferencji konkretnych graczy. Kody promocyjne mog\u0105 by\u0107 wysy\u0142ane\n    drog\u0105 mailow\u0105 lub SMS, co pozwala graczom skorzysta\u0107 z personalizowanych\n    ofert.\n  <\/p>\n  <h3>Jak korzysta\u0107 z kod\u00f3w promocyjnych?<\/h3>\n  <p>\n    \u015aled\u017a Aktualne Oferty: Regularnie sprawdzaj strony kasyn online oraz ich\n    profile na mediach spo\u0142eczno\u015bciowych, aby by\u0107 na bie\u017c\u0105co z aktualnymi\n    promocjami i kodami promocyjnymi.\n  <\/p>\n  <p>\n    Wprowad\u017a Kod Podczas Rejestracji lub Wp\u0142aty: W momencie rejestracji lub\n    dokonywania wp\u0142aty, kasyno online zazwyczaj prosi o wprowadzenie kodu\n    promocyjnego. Wprowad\u017a odpowiedni kod, aby aktywowa\u0107 bonus.\n  <\/p>\n  <p>\n    Sprawd\u017a Warunki Obrotu: Przed skorzystaniem z kodu promocyjnego, zawsze\n    warto sprawdzi\u0107 warunki obrotu i inne zasady promocji, aby unikn\u0105\u0107\n    nieporozumie\u0144 i m\u00f3c skorzysta\u0107 w pe\u0142ni z oferty.\n  <\/p>\n<\/div>\n","protected":false},"excerpt":{"rendered":"<p>Kody Promocyjne w Kasynach Online 2024: Zdob\u0105d\u017a Dodatkowe Bonusy i Nagrody Kody promocyjne to jedna z najpopularniejszych form nagr\u00f3d oferowanych przez kasyna online. Pozwalaj\u0105 one graczom otrzyma\u0107 dodatkowe bonusy, darmowe spiny, czy nawet premie got\u00f3wkowe. Oto, dlaczego warto \u015bledzi\u0107 kody promocyjne w 2024 roku: Dlaczego warto korzysta\u0107 z kod\u00f3w promocyjnych? Dodatkowe Bonusy: kody promocyjne casino [&hellip;]<\/p>\n","protected":false},"author":2,"featured_media":0,"parent":0,"menu_order":0,"comment_status":"closed","ping_status":"closed","template":"","meta":{"footnotes":""},"_links":{"self":[{"href":"https:\/\/www.konacoffee.com\/kona-coffee\/wp-json\/wp\/v2\/pages\/43974"}],"collection":[{"href":"https:\/\/www.konacoffee.com\/kona-coffee\/wp-json\/wp\/v2\/pages"}],"about":[{"href":"https:\/\/www.konacoffee.com\/kona-coffee\/wp-json\/wp\/v2\/types\/page"}],"author":[{"embeddable":true,"href":"https:\/\/www.konacoffee.com\/kona-coffee\/wp-json\/wp\/v2\/users\/2"}],"replies":[{"embeddable":true,"href":"https:\/\/www.konacoffee.com\/kona-coffee\/wp-json\/wp\/v2\/comments?post=43974"}],"version-history":[{"count":2,"href":"https:\/\/www.konacoffee.com\/kona-coffee\/wp-json\/wp\/v2\/pages\/43974\/revisions"}],"predecessor-version":[{"id":56809,"href":"https:\/\/www.konacoffee.com\/kona-coffee\/wp-json\/wp\/v2\/pages\/43974\/revisions\/56809"}],"wp:attachment":[{"href":"https:\/\/www.konacoffee.com\/kona-coffee\/wp-json\/wp\/v2\/media?parent=43974"}],"curies":[{"name":"wp","href":"https:\/\/api.w.org\/{rel}","templated":true}]}}